{"id":20482,"date":"2025-07-22T11:22:07","date_gmt":"2025-07-22T11:22:07","guid":{"rendered":"https:\/\/romanswinedanube.hu\/?post_type=tribe_events&#038;p=20482"},"modified":"2025-07-25T16:08:14","modified_gmt":"2025-07-25T16:08:14","slug":"rendhagyo-tematikus-setak-idegenvezetovel","status":"publish","type":"tribe_events","link":"https:\/\/romanswinedanube.hu\/en\/event\/rendhagyo-tematikus-setak-idegenvezetovel\/","title":{"rendered":"Unusual thematic guided walks"},"content":{"rendered":"<p><b>Thematic walk in the late Roman, early Christian cemetery, subject to registration<br \/>\nand Roman cities with a guide. <\/b><\/p>\n<p><b>To apply: +36 30 701 3771 | info@pecsorokseg.hu<\/b><\/p>\n<p>&nbsp;<\/p>\n<p>&nbsp;<\/p>","protected":false},"excerpt":{"rendered":"<p>Thematic walk in the late Roman, early Christian cemetery, subject to registration<br \/>\nand Roman cities with a guide.<br \/>\nTo apply: +36 30 701 3771 | info@pecsorokseg.hu<\/p>","protected":false},"author":2,"featured_media":20483,"comment_status":"open","ping_status":"closed","template":"","meta":{"_tribe_events_status":"","_tribe_events_status_reason":"","footnotes":""},"tags":[],"tribe_events_cat":[195,213,196],"class_list":["post-20482","tribe_events","type-tribe_events","status-publish","has-post-thumbnail","hentry","tribe_events_cat-csaladi","tribe_events_cat-osszes-esemeny","tribe_events_cat-szakmai-program","cat_csaladi","cat_osszes-esemeny","cat_szakmai-program"],"yoast_head":"<!-- This site is optimized with the Yoast SEO Premium plugin v25.4 (Yoast SEO v25.6) - https:\/\/yoast.com\/wordpress\/plugins\/seo\/ -->\n<title>Rendhagy\u00f3 tematikus s\u00e9t\u00e1k idegenvezet\u0151vel - Romanswinedanube.hu<\/title>\n<meta name=\"robots\" content=\"index, follow, max-snippet:-1, max-image-preview:large, max-video-preview:-1\" \/>\n<link rel=\"canonical\" href=\"https:\/\/romanswinedanube.hu\/en\/event\/rendhagyo-tematikus-setak-idegenvezetovel\/\" \/>\n<meta property=\"og:locale\" content=\"en_GB\" \/>\n<meta property=\"og:type\" content=\"article\" \/>\n<meta property=\"og:title\" content=\"Rendhagy\u00f3 tematikus s\u00e9t\u00e1k idegenvezet\u0151vel\" \/>\n<meta property=\"og:description\" content=\"Regisztr\u00e1ci\u00f3hoz k\u00f6t\u00f6tt tematikus s\u00e9ta a k\u00e9s\u0151 r\u00f3mai, \u00f3kereszt\u00e9ny temet\u0151ben \u00e9s r\u00f3mai v\u00e1rosban idegenvezet\u0151vel.  Jelentkez\u00e9s: +36 30 701 3771 | info@pecsorokseg.hu\" \/>\n<meta property=\"og:url\" content=\"https:\/\/romanswinedanube.hu\/en\/event\/rendhagyo-tematikus-setak-idegenvezetovel\/\" \/>\n<meta property=\"og:site_name\" content=\"Romanswinedanube.hu\" \/>\n<meta property=\"article:publisher\" content=\"https:\/\/www.facebook.com\/romaifesztival\" \/>\n<meta property=\"article:modified_time\" content=\"2025-07-25T16:08:14+00:00\" \/>\n<meta property=\"og:image\" content=\"https:\/\/romanswinedanube.hu\/wp-content\/uploads\/2025\/07\/Rendhagyo-idegenvezetes.jpg\" \/>\n\t<meta property=\"og:image:width\" content=\"1920\" \/>\n\t<meta property=\"og:image:height\" content=\"1280\" \/>\n\t<meta property=\"og:image:type\" content=\"image\/jpeg\" \/>\n<meta name=\"twitter:card\" content=\"summary_large_image\" \/>\n<script type=\"application\/ld+json\" class=\"yoast-schema-graph\">{\"@context\":\"https:\/\/schema.org\",\"@graph\":[{\"@type\":\"WebPage\",\"@id\":\"https:\/\/romanswinedanube.hu\/event\/rendhagyo-tematikus-setak-idegenvezetovel\/\",\"url\":\"https:\/\/romanswinedanube.hu\/event\/rendhagyo-tematikus-setak-idegenvezetovel\/\",\"name\":\"Rendhagy\u00f3 tematikus s\u00e9t\u00e1k idegenvezet\u0151vel - Romanswinedanube.hu\",\"isPartOf\":{\"@id\":\"https:\/\/romanswinedanube.hu\/#website\"},\"primaryImageOfPage\":{\"@id\":\"https:\/\/romanswinedanube.hu\/event\/rendhagyo-tematikus-setak-idegenvezetovel\/#primaryimage\"},\"image\":{\"@id\":\"https:\/\/romanswinedanube.hu\/event\/rendhagyo-tematikus-setak-idegenvezetovel\/#primaryimage\"},\"thumbnailUrl\":\"https:\/\/romanswinedanube.hu\/wp-content\/uploads\/2025\/07\/Rendhagyo-idegenvezetes.jpg\",\"datePublished\":\"2025-07-22T11:22:07+00:00\",\"dateModified\":\"2025-07-25T16:08:14+00:00\",\"breadcrumb\":{\"@id\":\"https:\/\/romanswinedanube.hu\/event\/rendhagyo-tematikus-setak-idegenvezetovel\/#breadcrumb\"},\"inLanguage\":\"en-GB\",\"potentialAction\":[{\"@type\":\"ReadAction\",\"target\":[\"https:\/\/romanswinedanube.hu\/event\/rendhagyo-tematikus-setak-idegenvezetovel\/\"]}]},{\"@type\":\"ImageObject\",\"inLanguage\":\"en-GB\",\"@id\":\"https:\/\/romanswinedanube.hu\/event\/rendhagyo-tematikus-setak-idegenvezetovel\/#primaryimage\",\"url\":\"https:\/\/romanswinedanube.hu\/wp-content\/uploads\/2025\/07\/Rendhagyo-idegenvezetes.jpg\",\"contentUrl\":\"https:\/\/romanswinedanube.hu\/wp-content\/uploads\/2025\/07\/Rendhagyo-idegenvezetes.jpg\",\"width\":1920,\"height\":1280,\"caption\":\"Rendhagyo-idegenvezetes\"},{\"@type\":\"BreadcrumbList\",\"@id\":\"https:\/\/romanswinedanube.hu\/event\/rendhagyo-tematikus-setak-idegenvezetovel\/#breadcrumb\",\"itemListElement\":[{\"@type\":\"ListItem\",\"position\":1,\"name\":\"Kezd\u0151lap\",\"item\":\"https:\/\/romanswinedanube.hu\/\"},{\"@type\":\"ListItem\",\"position\":2,\"name\":\"Esem\u00e9nyek\",\"item\":\"https:\/\/romanswinedanube.hu\/events\/\"},{\"@type\":\"ListItem\",\"position\":3,\"name\":\"Rendhagy\u00f3 tematikus s\u00e9t\u00e1k idegenvezet\u0151vel\"}]},{\"@type\":\"WebSite\",\"@id\":\"https:\/\/romanswinedanube.hu\/#website\",\"url\":\"https:\/\/romanswinedanube.hu\/\",\"name\":\"Romanswinedanube.hu\",\"description\":\"R\u00f3mai fesztiv\u00e1l P\u00e9cs\",\"publisher\":{\"@id\":\"https:\/\/romanswinedanube.hu\/#organization\"},\"potentialAction\":[{\"@type\":\"SearchAction\",\"target\":{\"@type\":\"EntryPoint\",\"urlTemplate\":\"https:\/\/romanswinedanube.hu\/?s={search_term_string}\"},\"query-input\":{\"@type\":\"PropertyValueSpecification\",\"valueRequired\":true,\"valueName\":\"search_term_string\"}}],\"inLanguage\":\"en-GB\"},{\"@type\":\"Organization\",\"@id\":\"https:\/\/romanswinedanube.hu\/#organization\",\"name\":\"R\u00f3mai Fesztiv\u00e1l P\u00e9cs\",\"url\":\"https:\/\/romanswinedanube.hu\/\",\"logo\":{\"@type\":\"ImageObject\",\"inLanguage\":\"en-GB\",\"@id\":\"https:\/\/romanswinedanube.hu\/#\/schema\/logo\/image\/\",\"url\":\"https:\/\/romanswinedanube.hu\/wp-content\/uploads\/2025\/07\/cropped-0_Logo_Route-1.png\",\"contentUrl\":\"https:\/\/romanswinedanube.hu\/wp-content\/uploads\/2025\/07\/cropped-0_Logo_Route-1.png\",\"width\":1121,\"height\":1271,\"caption\":\"R\u00f3mai Fesztiv\u00e1l P\u00e9cs\"},\"image\":{\"@id\":\"https:\/\/romanswinedanube.hu\/#\/schema\/logo\/image\/\"},\"sameAs\":[\"https:\/\/www.facebook.com\/romaifesztival\"]}]}<\/script>\n<!-- \/ Yoast SEO Premium plugin. -->","yoast_head_json":{"title":"Rendhagy\u00f3 tematikus s\u00e9t\u00e1k idegenvezet\u0151vel - Romanswinedanube.hu","robots":{"index":"index","follow":"follow","max-snippet":"max-snippet:-1","max-image-preview":"max-image-preview:large","max-video-preview":"max-video-preview:-1"},"canonical":"https:\/\/romanswinedanube.hu\/en\/event\/rendhagyo-tematikus-setak-idegenvezetovel\/","og_locale":"en_GB","og_type":"article","og_title":"Rendhagy\u00f3 tematikus s\u00e9t\u00e1k idegenvezet\u0151vel","og_description":"Regisztr\u00e1ci\u00f3hoz k\u00f6t\u00f6tt tematikus s\u00e9ta a k\u00e9s\u0151 r\u00f3mai, \u00f3kereszt\u00e9ny temet\u0151ben \u00e9s r\u00f3mai v\u00e1rosban idegenvezet\u0151vel.  Jelentkez\u00e9s: +36 30 701 3771 | info@pecsorokseg.hu","og_url":"https:\/\/romanswinedanube.hu\/en\/event\/rendhagyo-tematikus-setak-idegenvezetovel\/","og_site_name":"Romanswinedanube.hu","article_publisher":"https:\/\/www.facebook.com\/romaifesztival","article_modified_time":"2025-07-25T16:08:14+00:00","og_image":[{"width":1920,"height":1280,"url":"https:\/\/romanswinedanube.hu\/wp-content\/uploads\/2025\/07\/Rendhagyo-idegenvezetes.jpg","type":"image\/jpeg"}],"twitter_card":"summary_large_image","schema":{"@context":"https:\/\/schema.org","@graph":[{"@type":"WebPage","@id":"https:\/\/romanswinedanube.hu\/event\/rendhagyo-tematikus-setak-idegenvezetovel\/","url":"https:\/\/romanswinedanube.hu\/event\/rendhagyo-tematikus-setak-idegenvezetovel\/","name":"Rendhagy\u00f3 tematikus s\u00e9t\u00e1k idegenvezet\u0151vel - Romanswinedanube.hu","isPartOf":{"@id":"https:\/\/romanswinedanube.hu\/#website"},"primaryImageOfPage":{"@id":"https:\/\/romanswinedanube.hu\/event\/rendhagyo-tematikus-setak-idegenvezetovel\/#primaryimage"},"image":{"@id":"https:\/\/romanswinedanube.hu\/event\/rendhagyo-tematikus-setak-idegenvezetovel\/#primaryimage"},"thumbnailUrl":"https:\/\/romanswinedanube.hu\/wp-content\/uploads\/2025\/07\/Rendhagyo-idegenvezetes.jpg","datePublished":"2025-07-22T11:22:07+00:00","dateModified":"2025-07-25T16:08:14+00:00","breadcrumb":{"@id":"https:\/\/romanswinedanube.hu\/event\/rendhagyo-tematikus-setak-idegenvezetovel\/#breadcrumb"},"inLanguage":"en-GB","potentialAction":[{"@type":"ReadAction","target":["https:\/\/romanswinedanube.hu\/event\/rendhagyo-tematikus-setak-idegenvezetovel\/"]}]},{"@type":"ImageObject","inLanguage":"en-GB","@id":"https:\/\/romanswinedanube.hu\/event\/rendhagyo-tematikus-setak-idegenvezetovel\/#primaryimage","url":"https:\/\/romanswinedanube.hu\/wp-content\/uploads\/2025\/07\/Rendhagyo-idegenvezetes.jpg","contentUrl":"https:\/\/romanswinedanube.hu\/wp-content\/uploads\/2025\/07\/Rendhagyo-idegenvezetes.jpg","width":1920,"height":1280,"caption":"Rendhagyo-idegenvezetes"},{"@type":"BreadcrumbList","@id":"https:\/\/romanswinedanube.hu\/event\/rendhagyo-tematikus-setak-idegenvezetovel\/#breadcrumb","itemListElement":[{"@type":"ListItem","position":1,"name":"Kezd\u0151lap","item":"https:\/\/romanswinedanube.hu\/"},{"@type":"ListItem","position":2,"name":"Esem\u00e9nyek","item":"https:\/\/romanswinedanube.hu\/events\/"},{"@type":"ListItem","position":3,"name":"Rendhagy\u00f3 tematikus s\u00e9t\u00e1k idegenvezet\u0151vel"}]},{"@type":"WebSite","@id":"https:\/\/romanswinedanube.hu\/#website","url":"https:\/\/romanswinedanube.hu\/","name":"Romanswinedanube.hu","description":"Roman Festival P\u00e9cs","publisher":{"@id":"https:\/\/romanswinedanube.hu\/#organization"},"potentialAction":[{"@type":"SearchAction","target":{"@type":"EntryPoint","urlTemplate":"https:\/\/romanswinedanube.hu\/?s={search_term_string}"},"query-input":{"@type":"PropertyValueSpecification","valueRequired":true,"valueName":"search_term_string"}}],"inLanguage":"en-GB"},{"@type":"Organization","@id":"https:\/\/romanswinedanube.hu\/#organization","name":"Roman Festival P\u00e9cs","url":"https:\/\/romanswinedanube.hu\/","logo":{"@type":"ImageObject","inLanguage":"en-GB","@id":"https:\/\/romanswinedanube.hu\/#\/schema\/logo\/image\/","url":"https:\/\/romanswinedanube.hu\/wp-content\/uploads\/2025\/07\/cropped-0_Logo_Route-1.png","contentUrl":"https:\/\/romanswinedanube.hu\/wp-content\/uploads\/2025\/07\/cropped-0_Logo_Route-1.png","width":1121,"height":1271,"caption":"R\u00f3mai Fesztiv\u00e1l P\u00e9cs"},"image":{"@id":"https:\/\/romanswinedanube.hu\/#\/schema\/logo\/image\/"},"sameAs":["https:\/\/www.facebook.com\/romaifesztival"]}]}},"_links":{"self":[{"href":"https:\/\/romanswinedanube.hu\/en\/wp-json\/wp\/v2\/tribe_events\/20482","targetHints":{"allow":["GET"]}}],"collection":[{"href":"https:\/\/romanswinedanube.hu\/en\/wp-json\/wp\/v2\/tribe_events"}],"about":[{"href":"https:\/\/romanswinedanube.hu\/en\/wp-json\/wp\/v2\/types\/tribe_events"}],"author":[{"embeddable":true,"href":"https:\/\/romanswinedanube.hu\/en\/wp-json\/wp\/v2\/users\/2"}],"replies":[{"embeddable":true,"href":"https:\/\/romanswinedanube.hu\/en\/wp-json\/wp\/v2\/comments?post=20482"}],"version-history":[{"count":0,"href":"https:\/\/romanswinedanube.hu\/en\/wp-json\/wp\/v2\/tribe_events\/20482\/revisions"}],"wp:featuredmedia":[{"embeddable":true,"href":"https:\/\/romanswinedanube.hu\/en\/wp-json\/wp\/v2\/media\/20483"}],"wp:attachment":[{"href":"https:\/\/romanswinedanube.hu\/en\/wp-json\/wp\/v2\/media?parent=20482"}],"wp:term":[{"taxonomy":"post_tag","embeddable":true,"href":"https:\/\/romanswinedanube.hu\/en\/wp-json\/wp\/v2\/tags?post=20482"},{"taxonomy":"tribe_events_cat","embeddable":true,"href":"https:\/\/romanswinedanube.hu\/en\/wp-json\/wp\/v2\/tribe_events_cat?post=20482"}],"curies":[{"name":"wp","href":"https:\/\/api.w.org\/{rel}","templated":true}]}}

<!-- This site is optimized with the Yoast SEO Premium plugin v25.4 (Yoast SEO v25.6) - https://yoast.com/wordpress/plugins/seo/ -->
<title>Rendhagyó tematikus séták idegenvezetővel - Romanswinedanube.hu</title>
<meta name="robots" content="index, follow, max-snippet:-1, max-image-preview:large, max-video-preview:-1" />
<link rel="canonical" href="https://romanswinedanube.hu/en/event/rendhagyo-tematikus-setak-idegenvezetovel/" />
<meta property="og:locale" content="en_GB" />
<meta property="og:type" content="article" />
<meta property="og:title" content="Rendhagyó tematikus séták idegenvezetővel" />
<meta property="og:description" content="Regisztrációhoz kötött tematikus séta a késő római, ókeresztény temetőben és római városban idegenvezetővel.  Jelentkezés: +36 30 701 3771 | info@pecsorokseg.hu" />
<meta property="og:url" content="https://romanswinedanube.hu/en/event/rendhagyo-tematikus-setak-idegenvezetovel/" />
<meta property="og:site_name" content="Romanswinedanube.hu" />
<meta property="article:publisher" content="https://www.facebook.com/romaifesztival" />
<meta property="article:modified_time" content="2025-07-25T16:08:14+00:00" />
<meta property="og:image" content="https://romanswinedanube.hu/wp-content/uploads/2025/07/Rendhagyo-idegenvezetes.jpg" />
	<meta property="og:image:width" content="1920" />
	<meta property="og:image:height" content="1280" />
	<meta property="og:image:type" content="image/jpeg" />
<meta name="twitter:card" content="summary_large_image" />
<script type="application/ld+json" class="yoast-schema-graph">{"@context":"https://schema.org","@graph":[{"@type":"WebPage","@id":"https://romanswinedanube.hu/event/rendhagyo-tematikus-setak-idegenvezetovel/","url":"https://romanswinedanube.hu/event/rendhagyo-tematikus-setak-idegenvezetovel/","name":"Rendhagyó tematikus séták idegenvezetővel - Romanswinedanube.hu","isPartOf":{"@id":"https://romanswinedanube.hu/#website"},"primaryImageOfPage":{"@id":"https://romanswinedanube.hu/event/rendhagyo-tematikus-setak-idegenvezetovel/#primaryimage"},"image":{"@id":"https://romanswinedanube.hu/event/rendhagyo-tematikus-setak-idegenvezetovel/#primaryimage"},"thumbnailUrl":"https://romanswinedanube.hu/wp-content/uploads/2025/07/Rendhagyo-idegenvezetes.jpg","datePublished":"2025-07-22T11:22:07+00:00","dateModified":"2025-07-25T16:08:14+00:00","breadcrumb":{"@id":"https://romanswinedanube.hu/event/rendhagyo-tematikus-setak-idegenvezetovel/#breadcrumb"},"inLanguage":"en-GB","potentialAction":[{"@type":"ReadAction","target":["https://romanswinedanube.hu/event/rendhagyo-tematikus-setak-idegenvezetovel/"]}]},{"@type":"ImageObject","inLanguage":"en-GB","@id":"https://romanswinedanube.hu/event/rendhagyo-tematikus-setak-idegenvezetovel/#primaryimage","url":"https://romanswinedanube.hu/wp-content/uploads/2025/07/Rendhagyo-idegenvezetes.jpg","contentUrl":"https://romanswinedanube.hu/wp-content/uploads/2025/07/Rendhagyo-idegenvezetes.jpg","width":1920,"height":1280,"caption":"Rendhagyo-idegenvezetes"},{"@type":"BreadcrumbList","@id":"https://romanswinedanube.hu/event/rendhagyo-tematikus-setak-idegenvezetovel/#breadcrumb","itemListElement":[{"@type":"ListItem","position":1,"name":"Kezdőlap","item":"https://romanswinedanube.hu/"},{"@type":"ListItem","position":2,"name":"Események","item":"https://romanswinedanube.hu/events/"},{"@type":"ListItem","position":3,"name":"Rendhagyó tematikus séták idegenvezetővel"}]},{"@type":"WebSite","@id":"https://romanswinedanube.hu/#website","url":"https://romanswinedanube.hu/","name":"Romanswinedanube.hu","description":"Római fesztivál Pécs","publisher":{"@id":"https://romanswinedanube.hu/#organization"},"potentialAction":[{"@type":"SearchAction","target":{"@type":"EntryPoint","urlTemplate":"https://romanswinedanube.hu/?s={search_term_string}"},"query-input":{"@type":"PropertyValueSpecification","valueRequired":true,"valueName":"search_term_string"}}],"inLanguage":"en-GB"},{"@type":"Organization","@id":"https://romanswinedanube.hu/#organization","name":"Római Fesztivál Pécs","url":"https://romanswinedanube.hu/","logo":{"@type":"ImageObject","inLanguage":"en-GB","@id":"https://romanswinedanube.hu/#/schema/logo/image/","url":"https://romanswinedanube.hu/wp-content/uploads/2025/07/cropped-0_Logo_Route-1.png","contentUrl":"https://romanswinedanube.hu/wp-content/uploads/2025/07/cropped-0_Logo_Route-1.png","width":1121,"height":1271,"caption":"Római Fesztivál Pécs"},"image":{"@id":"https://romanswinedanube.hu/#/schema/logo/image/"},"sameAs":["https://www.facebook.com/romaifesztival"]}]}</script>
<!-- / Yoast SEO Premium plugin. -->

Rendhagyó tematikus séták idegenvezetővel - Romanswinedanube.hu

Rendhagyó tematikus séták idegenvezetővel

Regisztrációhoz kötött tematikus séta a késő római, ókeresztény temetőben és római városban idegenvezetővel.  Jelentkezés: +36 30 701 3771 | info@pecsorokseg.hu

Kezdőlap

Események

Roman Festival Pécs

Római Fesztivál Pécs
