{"id":20514,"date":"2025-07-22T11:57:32","date_gmt":"2025-07-22T11:57:32","guid":{"rendered":"https:\/\/romanswinedanube.hu\/?post_type=tribe_events&#038;p=20514"},"modified":"2025-08-14T10:56:37","modified_gmt":"2025-08-14T10:56:37","slug":"fenyfestes-labor-lumensquad-2","status":"publish","type":"tribe_events","link":"https:\/\/romanswinedanube.hu\/en\/event\/fenyfestes-labor-lumensquad-2\/","title":{"rendered":"Light painting - Laboratory Lumensquad"},"content":{"rendered":"<p><b>locations: <\/b><\/p>\n<p><b>Old Christian Mausoleum, <\/b><\/p>\n<p><b>St Stephen's Square trees, <\/b><\/p>\n<p><b>Church of Our Lady of Our Lady, <\/b><\/p>\n<p><b>Cella Seprichora Visitor Centre<\/b><\/p>","protected":false},"excerpt":{"rendered":"<p>locations: Old Christian Mausoleum, St. Stephen's Square trees, Church of Our Lady of Our Lady, Cella Seprichora Visitor Centre<\/p>","protected":false},"author":2,"featured_media":20515,"comment_status":"open","ping_status":"closed","template":"","meta":{"_tribe_events_status":"","_tribe_events_status_reason":"","footnotes":""},"tags":[154],"tribe_events_cat":[195,212,213],"class_list":["post-20514","tribe_events","type-tribe_events","status-publish","has-post-thumbnail","hentry","tag-csaladi-program","tribe_events_cat-csaladi","tribe_events_cat-muveszet","tribe_events_cat-osszes-esemeny","cat_csaladi","cat_muveszet","cat_osszes-esemeny"],"yoast_head":"<!-- This site is optimized with the Yoast SEO Premium plugin v25.4 (Yoast SEO v25.6) - https:\/\/yoast.com\/wordpress\/plugins\/seo\/ -->\n<title>F\u00e9nyfest\u00e9s - Labor Lumensquad - Romanswinedanube.hu<\/title>\n<meta name=\"robots\" content=\"index, follow, max-snippet:-1, max-image-preview:large, max-video-preview:-1\" \/>\n<link rel=\"canonical\" href=\"https:\/\/romanswinedanube.hu\/en\/event\/fenyfestes-labor-lumensquad-2\/\" \/>\n<meta property=\"og:locale\" content=\"en_GB\" \/>\n<meta property=\"og:type\" content=\"article\" \/>\n<meta property=\"og:title\" content=\"F\u00e9nyfest\u00e9s - Labor Lumensquad\" \/>\n<meta property=\"og:description\" content=\"helysz\u00ednek: \u00d3kereszt\u00e9ny Mauz\u00f3leum, Szent Istv\u00e1n t\u00e9r f\u00e1k, Miasszonyunk-z\u00e1rda templom, Cella Seprichora L\u00e1togat\u00f3k\u00f6zpont\" \/>\n<meta property=\"og:url\" content=\"https:\/\/romanswinedanube.hu\/en\/event\/fenyfestes-labor-lumensquad-2\/\" \/>\n<meta property=\"og:site_name\" content=\"Romanswinedanube.hu\" \/>\n<meta property=\"article:publisher\" content=\"https:\/\/www.facebook.com\/romaifesztival\" \/>\n<meta property=\"article:modified_time\" content=\"2025-08-14T10:56:37+00:00\" \/>\n<meta property=\"og:image\" content=\"https:\/\/romanswinedanube.hu\/wp-content\/uploads\/2025\/07\/fenyfestes-2-e1755168987882.jpg\" \/>\n\t<meta property=\"og:image:width\" content=\"1280\" \/>\n\t<meta property=\"og:image:height\" content=\"963\" \/>\n\t<meta property=\"og:image:type\" content=\"image\/jpeg\" \/>\n<meta name=\"twitter:card\" content=\"summary_large_image\" \/>\n<meta name=\"twitter:label1\" content=\"Estimated reading time\" \/>\n\t<meta name=\"twitter:data1\" content=\"1 minute\" \/>\n<script type=\"application\/ld+json\" class=\"yoast-schema-graph\">{\"@context\":\"https:\/\/schema.org\",\"@graph\":[{\"@type\":\"WebPage\",\"@id\":\"https:\/\/romanswinedanube.hu\/event\/fenyfestes-labor-lumensquad-2\/\",\"url\":\"https:\/\/romanswinedanube.hu\/event\/fenyfestes-labor-lumensquad-2\/\",\"name\":\"F\u00e9nyfest\u00e9s - Labor Lumensquad - Romanswinedanube.hu\",\"isPartOf\":{\"@id\":\"https:\/\/romanswinedanube.hu\/#website\"},\"primaryImageOfPage\":{\"@id\":\"https:\/\/romanswinedanube.hu\/event\/fenyfestes-labor-lumensquad-2\/#primaryimage\"},\"image\":{\"@id\":\"https:\/\/romanswinedanube.hu\/event\/fenyfestes-labor-lumensquad-2\/#primaryimage\"},\"thumbnailUrl\":\"https:\/\/romanswinedanube.hu\/wp-content\/uploads\/2025\/07\/fenyfestes-2-e1755168987882.jpg\",\"datePublished\":\"2025-07-22T11:57:32+00:00\",\"dateModified\":\"2025-08-14T10:56:37+00:00\",\"breadcrumb\":{\"@id\":\"https:\/\/romanswinedanube.hu\/event\/fenyfestes-labor-lumensquad-2\/#breadcrumb\"},\"inLanguage\":\"en-GB\",\"potentialAction\":[{\"@type\":\"ReadAction\",\"target\":[\"https:\/\/romanswinedanube.hu\/event\/fenyfestes-labor-lumensquad-2\/\"]}]},{\"@type\":\"ImageObject\",\"inLanguage\":\"en-GB\",\"@id\":\"https:\/\/romanswinedanube.hu\/event\/fenyfestes-labor-lumensquad-2\/#primaryimage\",\"url\":\"https:\/\/romanswinedanube.hu\/wp-content\/uploads\/2025\/07\/fenyfestes-2-e1755168987882.jpg\",\"contentUrl\":\"https:\/\/romanswinedanube.hu\/wp-content\/uploads\/2025\/07\/fenyfestes-2-e1755168987882.jpg\",\"width\":1280,\"height\":963},{\"@type\":\"BreadcrumbList\",\"@id\":\"https:\/\/romanswinedanube.hu\/event\/fenyfestes-labor-lumensquad-2\/#breadcrumb\",\"itemListElement\":[{\"@type\":\"ListItem\",\"position\":1,\"name\":\"Kezd\u0151lap\",\"item\":\"https:\/\/romanswinedanube.hu\/\"},{\"@type\":\"ListItem\",\"position\":2,\"name\":\"Esem\u00e9nyek\",\"item\":\"https:\/\/romanswinedanube.hu\/events\/\"},{\"@type\":\"ListItem\",\"position\":3,\"name\":\"F\u00e9nyfest\u00e9s &#8211; Labor Lumensquad\"}]},{\"@type\":\"WebSite\",\"@id\":\"https:\/\/romanswinedanube.hu\/#website\",\"url\":\"https:\/\/romanswinedanube.hu\/\",\"name\":\"Romanswinedanube.hu\",\"description\":\"R\u00f3mai fesztiv\u00e1l P\u00e9cs\",\"publisher\":{\"@id\":\"https:\/\/romanswinedanube.hu\/#organization\"},\"potentialAction\":[{\"@type\":\"SearchAction\",\"target\":{\"@type\":\"EntryPoint\",\"urlTemplate\":\"https:\/\/romanswinedanube.hu\/?s={search_term_string}\"},\"query-input\":{\"@type\":\"PropertyValueSpecification\",\"valueRequired\":true,\"valueName\":\"search_term_string\"}}],\"inLanguage\":\"en-GB\"},{\"@type\":\"Organization\",\"@id\":\"https:\/\/romanswinedanube.hu\/#organization\",\"name\":\"R\u00f3mai Fesztiv\u00e1l P\u00e9cs\",\"url\":\"https:\/\/romanswinedanube.hu\/\",\"logo\":{\"@type\":\"ImageObject\",\"inLanguage\":\"en-GB\",\"@id\":\"https:\/\/romanswinedanube.hu\/#\/schema\/logo\/image\/\",\"url\":\"https:\/\/romanswinedanube.hu\/wp-content\/uploads\/2025\/07\/cropped-0_Logo_Route-1.png\",\"contentUrl\":\"https:\/\/romanswinedanube.hu\/wp-content\/uploads\/2025\/07\/cropped-0_Logo_Route-1.png\",\"width\":1121,\"height\":1271,\"caption\":\"R\u00f3mai Fesztiv\u00e1l P\u00e9cs\"},\"image\":{\"@id\":\"https:\/\/romanswinedanube.hu\/#\/schema\/logo\/image\/\"},\"sameAs\":[\"https:\/\/www.facebook.com\/romaifesztival\"]}]}<\/script>\n<!-- \/ Yoast SEO Premium plugin. -->","yoast_head_json":{"title":"F\u00e9nyfest\u00e9s - Labor Lumensquad - Romanswinedanube.hu","robots":{"index":"index","follow":"follow","max-snippet":"max-snippet:-1","max-image-preview":"max-image-preview:large","max-video-preview":"max-video-preview:-1"},"canonical":"https:\/\/romanswinedanube.hu\/en\/event\/fenyfestes-labor-lumensquad-2\/","og_locale":"en_GB","og_type":"article","og_title":"F\u00e9nyfest\u00e9s - Labor Lumensquad","og_description":"helysz\u00ednek: \u00d3kereszt\u00e9ny Mauz\u00f3leum, Szent Istv\u00e1n t\u00e9r f\u00e1k, Miasszonyunk-z\u00e1rda templom, Cella Seprichora L\u00e1togat\u00f3k\u00f6zpont","og_url":"https:\/\/romanswinedanube.hu\/en\/event\/fenyfestes-labor-lumensquad-2\/","og_site_name":"Romanswinedanube.hu","article_publisher":"https:\/\/www.facebook.com\/romaifesztival","article_modified_time":"2025-08-14T10:56:37+00:00","og_image":[{"width":1280,"height":963,"url":"https:\/\/romanswinedanube.hu\/wp-content\/uploads\/2025\/07\/fenyfestes-2-e1755168987882.jpg","type":"image\/jpeg"}],"twitter_card":"summary_large_image","twitter_misc":{"Estimated reading time":"1 minute"},"schema":{"@context":"https:\/\/schema.org","@graph":[{"@type":"WebPage","@id":"https:\/\/romanswinedanube.hu\/event\/fenyfestes-labor-lumensquad-2\/","url":"https:\/\/romanswinedanube.hu\/event\/fenyfestes-labor-lumensquad-2\/","name":"F\u00e9nyfest\u00e9s - Labor Lumensquad - Romanswinedanube.hu","isPartOf":{"@id":"https:\/\/romanswinedanube.hu\/#website"},"primaryImageOfPage":{"@id":"https:\/\/romanswinedanube.hu\/event\/fenyfestes-labor-lumensquad-2\/#primaryimage"},"image":{"@id":"https:\/\/romanswinedanube.hu\/event\/fenyfestes-labor-lumensquad-2\/#primaryimage"},"thumbnailUrl":"https:\/\/romanswinedanube.hu\/wp-content\/uploads\/2025\/07\/fenyfestes-2-e1755168987882.jpg","datePublished":"2025-07-22T11:57:32+00:00","dateModified":"2025-08-14T10:56:37+00:00","breadcrumb":{"@id":"https:\/\/romanswinedanube.hu\/event\/fenyfestes-labor-lumensquad-2\/#breadcrumb"},"inLanguage":"en-GB","potentialAction":[{"@type":"ReadAction","target":["https:\/\/romanswinedanube.hu\/event\/fenyfestes-labor-lumensquad-2\/"]}]},{"@type":"ImageObject","inLanguage":"en-GB","@id":"https:\/\/romanswinedanube.hu\/event\/fenyfestes-labor-lumensquad-2\/#primaryimage","url":"https:\/\/romanswinedanube.hu\/wp-content\/uploads\/2025\/07\/fenyfestes-2-e1755168987882.jpg","contentUrl":"https:\/\/romanswinedanube.hu\/wp-content\/uploads\/2025\/07\/fenyfestes-2-e1755168987882.jpg","width":1280,"height":963},{"@type":"BreadcrumbList","@id":"https:\/\/romanswinedanube.hu\/event\/fenyfestes-labor-lumensquad-2\/#breadcrumb","itemListElement":[{"@type":"ListItem","position":1,"name":"Kezd\u0151lap","item":"https:\/\/romanswinedanube.hu\/"},{"@type":"ListItem","position":2,"name":"Esem\u00e9nyek","item":"https:\/\/romanswinedanube.hu\/events\/"},{"@type":"ListItem","position":3,"name":"F\u00e9nyfest\u00e9s &#8211; Labor Lumensquad"}]},{"@type":"WebSite","@id":"https:\/\/romanswinedanube.hu\/#website","url":"https:\/\/romanswinedanube.hu\/","name":"Romanswinedanube.hu","description":"Roman Festival P\u00e9cs","publisher":{"@id":"https:\/\/romanswinedanube.hu\/#organization"},"potentialAction":[{"@type":"SearchAction","target":{"@type":"EntryPoint","urlTemplate":"https:\/\/romanswinedanube.hu\/?s={search_term_string}"},"query-input":{"@type":"PropertyValueSpecification","valueRequired":true,"valueName":"search_term_string"}}],"inLanguage":"en-GB"},{"@type":"Organization","@id":"https:\/\/romanswinedanube.hu\/#organization","name":"Roman Festival P\u00e9cs","url":"https:\/\/romanswinedanube.hu\/","logo":{"@type":"ImageObject","inLanguage":"en-GB","@id":"https:\/\/romanswinedanube.hu\/#\/schema\/logo\/image\/","url":"https:\/\/romanswinedanube.hu\/wp-content\/uploads\/2025\/07\/cropped-0_Logo_Route-1.png","contentUrl":"https:\/\/romanswinedanube.hu\/wp-content\/uploads\/2025\/07\/cropped-0_Logo_Route-1.png","width":1121,"height":1271,"caption":"R\u00f3mai Fesztiv\u00e1l P\u00e9cs"},"image":{"@id":"https:\/\/romanswinedanube.hu\/#\/schema\/logo\/image\/"},"sameAs":["https:\/\/www.facebook.com\/romaifesztival"]}]}},"_links":{"self":[{"href":"https:\/\/romanswinedanube.hu\/en\/wp-json\/wp\/v2\/tribe_events\/20514","targetHints":{"allow":["GET"]}}],"collection":[{"href":"https:\/\/romanswinedanube.hu\/en\/wp-json\/wp\/v2\/tribe_events"}],"about":[{"href":"https:\/\/romanswinedanube.hu\/en\/wp-json\/wp\/v2\/types\/tribe_events"}],"author":[{"embeddable":true,"href":"https:\/\/romanswinedanube.hu\/en\/wp-json\/wp\/v2\/users\/2"}],"replies":[{"embeddable":true,"href":"https:\/\/romanswinedanube.hu\/en\/wp-json\/wp\/v2\/comments?post=20514"}],"version-history":[{"count":0,"href":"https:\/\/romanswinedanube.hu\/en\/wp-json\/wp\/v2\/tribe_events\/20514\/revisions"}],"wp:featuredmedia":[{"embeddable":true,"href":"https:\/\/romanswinedanube.hu\/en\/wp-json\/wp\/v2\/media\/20515"}],"wp:attachment":[{"href":"https:\/\/romanswinedanube.hu\/en\/wp-json\/wp\/v2\/media?parent=20514"}],"wp:term":[{"taxonomy":"post_tag","embeddable":true,"href":"https:\/\/romanswinedanube.hu\/en\/wp-json\/wp\/v2\/tags?post=20514"},{"taxonomy":"tribe_events_cat","embeddable":true,"href":"https:\/\/romanswinedanube.hu\/en\/wp-json\/wp\/v2\/tribe_events_cat?post=20514"}],"curies":[{"name":"wp","href":"https:\/\/api.w.org\/{rel}","templated":true}]}}

<!-- This site is optimized with the Yoast SEO Premium plugin v25.4 (Yoast SEO v25.6) - https://yoast.com/wordpress/plugins/seo/ -->
<title>Fényfestés - Labor Lumensquad - Romanswinedanube.hu</title>
<meta name="robots" content="index, follow, max-snippet:-1, max-image-preview:large, max-video-preview:-1" />
<link rel="canonical" href="https://romanswinedanube.hu/en/event/fenyfestes-labor-lumensquad-2/" />
<meta property="og:locale" content="en_GB" />
<meta property="og:type" content="article" />
<meta property="og:title" content="Fényfestés - Labor Lumensquad" />
<meta property="og:description" content="helyszínek: Ókeresztény Mauzóleum, Szent István tér fák, Miasszonyunk-zárda templom, Cella Seprichora Látogatóközpont" />
<meta property="og:url" content="https://romanswinedanube.hu/en/event/fenyfestes-labor-lumensquad-2/" />
<meta property="og:site_name" content="Romanswinedanube.hu" />
<meta property="article:publisher" content="https://www.facebook.com/romaifesztival" />
<meta property="article:modified_time" content="2025-08-14T10:56:37+00:00" />
<meta property="og:image" content="https://romanswinedanube.hu/wp-content/uploads/2025/07/fenyfestes-2-e1755168987882.jpg" />
	<meta property="og:image:width" content="1280" />
	<meta property="og:image:height" content="963" />
	<meta property="og:image:type" content="image/jpeg" />
<meta name="twitter:card" content="summary_large_image" />
<meta name="twitter:label1" content="Estimated reading time" />
	<meta name="twitter:data1" content="1 minute" />
<script type="application/ld+json" class="yoast-schema-graph">{"@context":"https://schema.org","@graph":[{"@type":"WebPage","@id":"https://romanswinedanube.hu/event/fenyfestes-labor-lumensquad-2/","url":"https://romanswinedanube.hu/event/fenyfestes-labor-lumensquad-2/","name":"Fényfestés - Labor Lumensquad - Romanswinedanube.hu","isPartOf":{"@id":"https://romanswinedanube.hu/#website"},"primaryImageOfPage":{"@id":"https://romanswinedanube.hu/event/fenyfestes-labor-lumensquad-2/#primaryimage"},"image":{"@id":"https://romanswinedanube.hu/event/fenyfestes-labor-lumensquad-2/#primaryimage"},"thumbnailUrl":"https://romanswinedanube.hu/wp-content/uploads/2025/07/fenyfestes-2-e1755168987882.jpg","datePublished":"2025-07-22T11:57:32+00:00","dateModified":"2025-08-14T10:56:37+00:00","breadcrumb":{"@id":"https://romanswinedanube.hu/event/fenyfestes-labor-lumensquad-2/#breadcrumb"},"inLanguage":"en-GB","potentialAction":[{"@type":"ReadAction","target":["https://romanswinedanube.hu/event/fenyfestes-labor-lumensquad-2/"]}]},{"@type":"ImageObject","inLanguage":"en-GB","@id":"https://romanswinedanube.hu/event/fenyfestes-labor-lumensquad-2/#primaryimage","url":"https://romanswinedanube.hu/wp-content/uploads/2025/07/fenyfestes-2-e1755168987882.jpg","contentUrl":"https://romanswinedanube.hu/wp-content/uploads/2025/07/fenyfestes-2-e1755168987882.jpg","width":1280,"height":963},{"@type":"BreadcrumbList","@id":"https://romanswinedanube.hu/event/fenyfestes-labor-lumensquad-2/#breadcrumb","itemListElement":[{"@type":"ListItem","position":1,"name":"Kezdőlap","item":"https://romanswinedanube.hu/"},{"@type":"ListItem","position":2,"name":"Események","item":"https://romanswinedanube.hu/events/"},{"@type":"ListItem","position":3,"name":"Fényfestés &#8211; Labor Lumensquad"}]},{"@type":"WebSite","@id":"https://romanswinedanube.hu/#website","url":"https://romanswinedanube.hu/","name":"Romanswinedanube.hu","description":"Római fesztivál Pécs","publisher":{"@id":"https://romanswinedanube.hu/#organization"},"potentialAction":[{"@type":"SearchAction","target":{"@type":"EntryPoint","urlTemplate":"https://romanswinedanube.hu/?s={search_term_string}"},"query-input":{"@type":"PropertyValueSpecification","valueRequired":true,"valueName":"search_term_string"}}],"inLanguage":"en-GB"},{"@type":"Organization","@id":"https://romanswinedanube.hu/#organization","name":"Római Fesztivál Pécs","url":"https://romanswinedanube.hu/","logo":{"@type":"ImageObject","inLanguage":"en-GB","@id":"https://romanswinedanube.hu/#/schema/logo/image/","url":"https://romanswinedanube.hu/wp-content/uploads/2025/07/cropped-0_Logo_Route-1.png","contentUrl":"https://romanswinedanube.hu/wp-content/uploads/2025/07/cropped-0_Logo_Route-1.png","width":1121,"height":1271,"caption":"Római Fesztivál Pécs"},"image":{"@id":"https://romanswinedanube.hu/#/schema/logo/image/"},"sameAs":["https://www.facebook.com/romaifesztival"]}]}</script>
<!-- / Yoast SEO Premium plugin. -->

Fényfestés - Labor Lumensquad - Romanswinedanube.hu

Fényfestés - Labor Lumensquad

helyszínek: Ókeresztény Mauzóleum, Szent István tér fák, Miasszonyunk-zárda templom, Cella Seprichora Látogatóközpont

Kezdőlap

Események

Fényfestés &#8211; Labor Lumensquad

Roman Festival Pécs

Római Fesztivál Pécs
